2 and 434?
14
What is the highest common factor of 27237217 and 111?
37
What is the greatest common divisor of 325974 and 506?
22
What is the highest common factor of 43168 and 163229?
1349
What is the highest common factor of 325525 and 13775?
725
What is the highest common factor of 46 and 2260762?
46
What is the greatest common factor of 759 and 469499943?
759
What is the highest common divisor of 39424 and 18172?
308
Calculate the greatest common factor of 4117 and 9895911.
23
Calculate the highest common divisor of 1107 and 301189362.
123
Calculate the highest common factor of 8509334 and 148.
74
Calculate the greatest common factor of 80090 and 9370.
10
Calculate the greatest common factor of 10362 and 110717028.
942
What is the highest common divisor of 137448 and 77190?
498
What is the greatest common divisor of 29805 and 117570?
15
Calculate the greatest common divisor of 1 and 20007157.
1
What is the greatest common divisor of 336 and 369096?
168
Calculate the greatest common divisor of 76 and 15093152.
4
What is the highest common factor of 1315384 and 337336?
2264
Calculate the highest common factor of 260748319 and 6305.
1261
What is the greatest common factor of 106134948 and 13392?
3348
Calculate the greatest common factor of 17472912 and 108924.
3756
What is the highest common divisor of 34046 and 4876796?
1174
Calculate the highest common factor of 3123 and 91963675.
347
What is the highest common factor of 23601200 and 1120?
560
What is the highest common divisor of 122115 and 6762?
21
What is the greatest common divisor of 406 and 34047363?
203
Calculate the greatest common divisor of 615126 and 889386.
3918
What is the highest common divisor of 96 and 58244768?
32
Calculate the greatest common factor of 906 and 733197.
3
What is the greatest common factor of 924166056 and 314?
314
Calculate the highest common factor of 51526480 and 453440.
8720
What is the greatest common divisor of 397255 and 485?
5
What is the greatest common factor of 138735656 and 263?
263
What is the highest common factor of 203 and 641977?
7
What is the highest common divisor of 1575727 and 2033?
19
What is the greatest common factor of 24 and 12554056?
8
What is the highest common divisor of 585 and 42165?
45
What is the highest common divisor of 31671 and 247456080?
10557
What is the highest common factor of 477200444 and 56?
28
What is the greatest common factor of 944 and 22979084?
236
Calculate the greatest common divisor of 356 and 1383506246.
178
What is the highest common factor of 16731245 and 2110?
1055
Calculate the highest common factor of 261 and 11400417.
9
What is the greatest common divisor of 22774 and 2950?
118
What is the highest common divisor of 595177 and 3340238?
671
Calculate the highest common divisor of 10 and 30704045.
5
What is the highest common divisor of 4579 and 5446841?
241
What is the highest common factor of 590 and 260905?
5
Calculate the greatest common divisor of 141197 and 14506457.
6139
What is the highest common divisor of 1914255 and 1593?
531
What is the greatest common factor of 34727983 and 863?
863
Calculate the greatest common divisor of 2604 and 20366535.
651
What is the greatest common divisor of 2640493 and 1895?
379
Calculate the highest common factor of 2901444 and 417144.
1092
What is the highest common divisor of 4338256 and 8?
8
What is the highest common divisor of 11924278 and 9628?
4814
Calculate the highest common factor of 1273514 and 2266.
22
What is the highest common factor of 2423724 and 1668?
12
Calculate the highest common factor of 4194 and 72498882.
1398
What is the highest common divisor of 589927663 and 13?
13
What is the highest common factor of 88 and 526978?
2
What is the greatest common factor of 2787499 and 77?
11
Calculate the greatest common divisor of 31250 and 72650.
50
Calculate the highest common factor of 791200 and 184.
184
What is the greatest common divisor of 780 and 26136552?
156
Calculate the highest common factor of 9662976 and 2359824.
11184
Calculate the greatest common divisor of 1496459 and 7684.
1921
What is the highest common factor of 176 and 137709506?
22
What is the greatest common divisor of 704 and 110655028?
44
What is the greatest common divisor of 5551 and 10877867?
91
What is the greatest common factor of 13152029 and 10912?
341
Calculate the highest common divisor of 195105624 and 504.
168
Calculate the greatest common divisor of 261 and 831024783.
261
What is the greatest common factor of 66 and 217419378?
66
What is the highest common divisor of 1231933 and 865?
173
What is the highest common factor of 824 and 1140107?
103
What is the highest common factor of 2736 and 7918668?
684
What is the greatest common factor of 57534 and 20769?
129
What is the highest common factor of 247 and 1796249?
13
Calculate the greatest common factor of 140 and 280254730.
70
Calculate the greatest common factor of 218250 and 126675.
225
Calculate the highest common factor of 72558 and 389934.
522
What is the greatest common factor of 52114382 and 838?
838
Calculate the greatest common factor of 1979623 and 10517.
809
Calculate the highest common factor of 280612 and 590736.
124
What is the greatest common divisor of 5871 and 323111?
103
What is the highest common divisor of 255 and 9670229?
17
Calculate the highest common factor of 3598 and 17435137.
257
Calculate the greatest common factor of 15 and 708228210.
15
What is the greatest common factor of 240 and 1042128?
48
What is the highest common divisor of 1274691 and 406065?
3531
Calculate the greatest common factor of 178485 and 3749.
163
What is the highest common divisor of 32 and 17098104?
8
What is the greatest common divisor of 81 and 15187878?
27
Calculate the highest common factor of 17 and 80641081.
17
What is the highest common factor of 16 and 126377968?
16
Calculate the greatest common divisor of 1136899 and 1369.
37
What is the highest common divisor of 1968 and 951986544?
1968
Calculate the highest common factor of 105 and 2981370.
105
Calculate the greatest common factor of 281 and 198641.
1
What is the highest common divisor of 18392 and 4057735?
2299
Calculate the greatest common divisor of 70305 and 487104.
129
What is the greatest common divisor of 820 and 10820228?
164
Calculate the greatest common factor of 5948784 and 113796.
3924
Calculate the highest common factor of 14003 and 2500685.
209
What is the highest common factor of 1859 and 963534?
143
Calculate the highest common divisor of 156805 and 473330.
55
What is the highest common divisor of 77505976 and 29648?
872
What is the greatest common divisor of 1197 and 210547113?
399
Calculate the greatest common factor of 178210044 and 48.
12
What is the highest common divisor of 290 and 40914940?
290
What is the highest common factor of 10272 and 7706848?
32
What is the greatest common divisor of 4025 and 122780?
35
What is the highest common factor of 12800 and 17172800?
1600
Calculate the highest common factor of 794 and 75003622.
794
Calculate the highest common divisor of 13 and 24920987.
13
What is the greatest common divisor of 8 and 996060512?
8
What is the highest common divisor of 3140 and 3239695?
785
What is the greatest common factor of 86347635 and 610?
305
Calculate the highest common factor of 362805 and 1350653.
1273
What is the greatest common divisor of 165540 and 588?
12
What is the greatest common divisor of 196687868 and 156?
52
What is the greatest common factor of 1188 and 403216?
44
Calculate the highest common factor of 23029248 and 181888.
3712
What is the greatest common divisor of 3083815 and 27265?
1435
Calculate the greatest common divisor of 11 and 28821529.
11
Calculate the greatest common divisor of 5440 and 5672832.
1088
Calculate the highest common factor of 352872 and 22040.
232
Calculate the highest common divisor of 3266 and 53943386.
142
Calculate the highest common divisor of 73235054 and 158.
158
Calculate the greatest common divisor of 1587 and 530357.
23
Calculate the greatest common factor of 15655 and 435815.
505
Calculate the highest common divisor of 10495 and 47254787.
2099
What is the greatest common divisor of 47830 and 193920?
10
Calculate the greatest common divisor of 22795165 and 542